ds digit of 30144042?
0
What is the hundreds digit of 7163358?
3
What is the millions digit of 4773542?
4
What is the units digit of 984250?
0
What is the units digit of 581123?
3
What is the hundred thousands digit of 11845942?
8
What is the hundred thousands digit of 4543890?
5
What is the tens digit of 1106674?
7
What is the ten thousands digit of 1957296?
5
What is the tens digit of 8067711?
1
What is the ten thousands digit of 15669867?
6
What is the hundred thousands digit of 2085066?
0
What is the tens digit of 489393?
9
What is the ten thousands digit of 247380?
4
What is the ten thousands digit of 7591436?
9
What is the thousands digit of 251246?
1
What is the thousands digit of 4405889?
5
What is the ten thousands digit of 3765219?
6
What is the ten millions digit of 11520759?
1
What is the thousands digit of 16626?
6
What is the tens digit of 700606?
0
What is the units digit of 165291?
1
What is the tens digit of 771377?
7
What is the thousands digit of 308797?
8
What is the tens digit of 139846?
4
What is the ten thousands digit of 3340772?
4
What is the tens digit of 166694?
9
What is the hundreds digit of 1293529?
5
What is the tens digit of 7960994?
9
What is the thousands digit of 307975?
7
What is the units digit of 189407?
7
What is the units digit of 144189?
9
What is the ten thousands digit of 11953144?
5
What is the hundreds digit of 1486728?
7
What is the thousands digit of 3356760?
6
What is the tens digit of 10651557?
5
What is the ten thousands digit of 464571?
6
What is the hundreds digit of 432995?
9
What is the hundred thousands digit of 3425148?
4
What is the hundreds digit of 320660?
6
What is the units digit of 3887724?
4
What is the hundreds digit of 3644972?
9
What is the tens digit of 25543?
4
What is the ten thousands digit of 993603?
9
What is the thousands digit of 234938?
4
What is the tens digit of 277390?
9
What is the tens digit of 93068?
6
What is the hundreds digit of 246877?
8
What is the hundreds digit of 559842?
8
What is the hundreds digit of 939826?
8
What is the tens digit of 8987019?
1
What is the millions digit of 12095376?
2
What is the ten thousands digit of 5476703?
7
What is the tens digit of 6453612?
1
What is the hundred thousands digit of 531095?
5
What is the millions digit of 2314322?
2
What is the tens digit of 10578465?
6
What is the thousands digit of 600145?
0
What is the hundreds digit of 464504?
5
What is the units digit of 1900226?
6
What is the thousands digit of 206899?
6
What is the ten thousands digit of 467725?
6
What is the ten thousands digit of 516385?
1
What is the hundred thousands digit of 137461?
1
What is the ten thousands digit of 2308336?
0
What is the ten thousands digit of 1598684?
9
What is the millions digit of 3673644?
3
What is the ten thousands digit of 1502661?
0
What is the units digit of 195020?
0
What is the hundred thousands digit of 4120198?
1
What is the tens digit of 1860139?
3
What is the hundred thousands digit of 950080?
9
What is the hundred thousands digit of 2092939?
0
What is the hundred thousands digit of 1890110?
8
What is the thousands digit of 1136698?
6
What is the tens digit of 27112?
1
What is the tens digit of 5895704?
0
What is the ten thousands digit of 4862033?
6
What is the ten thousands digit of 97306?
9
What is the millions digit of 2200175?
2
What is the tens digit of 990388?
8
What is the ten thousands digit of 280678?
8
What is the tens digit of 387285?
8
What is the millions digit of 6333384?
6
What is the ten thousands digit of 38649?
3
What is the units digit of 5083229?
9
What is the hundred thousands digit of 721323?
7
What is the thousands digit of 12547292?
7
What is the hundred thousands digit of 3002967?
0
What is the units digit of 11620461?
1
What is the thousands digit of 720041?
0
What is the tens digit of 21343369?
6
What is the hundred thousands digit of 293571?
2
What is the thousands digit of 153346?
3
What is the units digit of 2430166?
6
What is the hundreds digit of 84361?
3
What is the tens digit of 43407?
0
What is the hundreds digit of 1064846?
8
What is the hundreds digit of 63156?
1
What is the units digit of 300668?
8
What is the units digit of 266664?
4
What is the ten thousands digit of 590840?
9
What is the units digit of 4143875?
5
What is the units digit of 854742?
2
What is the thousands digit of 127856?
7
What is the thousands digit of 19763?
9
What is the millions digit of 2513256?
2
What is the hundred thousands digit of 1655182?
6
What is the ten thousands digit of 1690803?
9
What is the units digit of 139774?
4
What is the thousands digit of 87227?
7
What is the ten thousands digit of 4314430?
1
What is the hundred thousands digit of 686590?
6
What is the millions digit of 4937139?
4
What is the hundreds digit of 7198?
1
What is the ten thousands digit of 3790983?
9
What is the tens digit of 196996?
9
What is the ten thousands digit of 36845991?
4
What is the units digit of 1639444?
4
What is the hundreds digit of 1444134?
1
What is the units digit of 1797119?
9
What is the hundred thousands digit of 241650?
2
What is the thousands digit of 926189?
6
What is the ten thousands digit of 16646837?
4
What is the tens digit of 3398084?
8
What is the units digit of 389420?
0
What is the millions digit of 14608225?
4
What is the units digit of 362349?
9
What is the units digit of 208654?
4
What is the thousands digit of 1818300?
8
What is the ten thousands digit of 109983?
0
What is the millions digit of 1115238?
1
What is the tens digit of 1489278?
7
What is the ten millions digit of 11614077?
1
What is the ten millions digit of 15046025?
1
What is the hundreds digit of 925778?
7
What is the units digit of 7659593?
3
What is the ten millions digit of 11711142?
1
What is the thousands digit of 363998?
3
What is the hundreds digit of 1582112?
1
What is the units digit of 643889?
9
What is the thousands digit of 2511306?
1
What is the thousands digit of 3731831?
1
What is the ten thousands digit of 142741?
4
What is the units digit of 1112046?
6
What is the hundred thousands digit of 13204426?
2
What is the millions digit of 16057799?
6
What is the millions digit of 8280311?
8
What is the tens digit of 32010951?
5
What is the thousands digit of 242046?
2
What is the hundreds digit of 1394321?
3
What is the tens digit of 755895?
9
What is the thousands digit of 1814273?
4
What is the hundred thousands digit of 710440?
7
What is the thousands digit of 1750843?
0
What is the ten thousands digit of 633754?
3
What is the units digit of 3872398?
8
What is the tens digit of 98152?
5
What is the thousands digit of 294805?
4
What is the hundreds digit of 165766?
7
What is the hundreds digit of 2104469?
4
What is the units digit of 6761812?
2
What is the units digit of 3106102?
2
What is the hundred thousands digit of 1535793?
5
What is the units digit of 635734?
4
What is the units digit of 8558373?
3
What is the hundreds digit of 5039265?
2
What is the millions digit of 2447515?
2
What is the thousands digit of 856929?
6
What is the tens digit of 421686?
8
What is the thousands digit of 2637964?
7
What is the thousands digit of 23033?
3
What is the hundreds digit of 769189?
1
What is the tens digit of 94896?
9
What is the tens digit of 588368?
6
What is the units digit of 341045?
5
What is the units digit of 102278?
8
What is the thousands digit of 156666?
6
What is the thousands digit of 3424670?
4
What is the hundreds digit of 226408?
4
What is the tens digit of 83470?
7
What is the units digit of 281050?
0
What is the ten thousands digit of 1713066?
1
What is the hundreds digit of 1527452?
4
What is the units digit of 740064?
4
What is the hundreds digit of 2732?
7
What is the tens digit of 156904?
0
What is the ten millions digit of 27121689?
2
What is the millions digit of 21611030?
1
What is the tens digit of 839724?
2
What is the hundreds digit of 397718?
7
What is the hundreds digit of 444880?
8
What is the ten thousands digit of 265835?
6
What is the ten thousands digit of 874699?
7
What is the hundred thousands digit of 963304?
9
What is the thousands digit of 279321?
9
What is the hundred thousands digit of 3670586?
6
What is the hundreds digit of 5555790?
7
What is the millions digit of 